nd 3488940.
1404
What is the greatest common factor of 161057 and 55393?
13
What is the greatest common divisor of 912 and 153723?
3
Calculate the greatest common divisor of 63758 and 4490.
898
What is the highest common divisor of 406308929 and 5135?
1027
What is the highest common factor of 25390 and 1265?
5
What is the highest common divisor of 329751 and 356891?
1357
Calculate the highest common factor of 276982 and 151734.
38
What is the highest common divisor of 65390551 and 1129?
1129
Calculate the greatest common divisor of 978267 and 8478.
471
Calculate the greatest common factor of 21726 and 143207.
71
Calculate the greatest common factor of 24911 and 1711987.
859
What is the greatest common factor of 168 and 55239212?
28
What is the highest common factor of 2074160348 and 13?
13
What is the highest common divisor of 360 and 112248?
72
What is the greatest common divisor of 2096583 and 35925?
1437
What is the greatest common factor of 5691 and 1752429?
21
What is the highest common factor of 176 and 672976?
16
What is the highest common divisor of 38514 and 163758?
294
Calculate the greatest common divisor of 105627240 and 311040.
9720
Calculate the greatest common divisor of 6506820 and 372237.
2931
What is the highest common factor of 60 and 3321620?
20
Calculate the greatest common divisor of 11 and 1245343.
11
What is the greatest common divisor of 3196990 and 2?
2
What is the highest common divisor of 47 and 428049?
1
Calculate the highest common divisor of 7019030 and 1220.
10
What is the greatest common factor of 697605 and 345?
15
What is the greatest common divisor of 24570 and 2330370?
1890
What is the greatest common divisor of 3884 and 233505109?
971
What is the greatest common divisor of 83629 and 99281?
91
What is the highest common divisor of 16218 and 628686?
954
What is the highest common divisor of 61939484 and 3851?
3851
Calculate the highest common factor of 4 and 48214654.
2
What is the greatest common factor of 125 and 2660510?
5
Calculate the greatest common factor of 767 and 5569889.
13
Calculate the greatest common factor of 728 and 276745378.
182
Calculate the greatest common divisor of 190000 and 16528.
16
What is the highest common factor of 71613432 and 3960?
792
Calculate the greatest common divisor of 9197162 and 702.
26
Calculate the highest common factor of 36 and 524573316.
36
Calculate the greatest common divisor of 6936 and 16429650.
1734
Calculate the highest common factor of 99 and 246423012.
33
What is the highest common factor of 143172777 and 99?
33
What is the highest common divisor of 256 and 25607?
1
Calculate the highest common divisor of 73087 and 24850.
7
What is the highest common factor of 7041094 and 50184?
1394
What is the greatest common factor of 48106245 and 2915?
2915
What is the greatest common divisor of 1256 and 3692169?
157
What is the greatest common divisor of 490 and 15330826?
98
What is the greatest common factor of 674696902 and 2706?
902
Calculate the highest common factor of 76615121 and 1892.
473
What is the highest common factor of 4308 and 1158816?
12
Calculate the greatest common divisor of 294678 and 29104.
3638
Calculate the highest common factor of 185860882 and 8166.
2722
Calculate the highest common divisor of 372556968 and 12267.
4089
What is the highest common factor of 7363878 and 2682?
894
What is the highest common divisor of 78402996 and 252?
252
What is the highest common divisor of 452903454 and 54?
54
Calculate the highest common divisor of 4330521 and 91.
13
What is the greatest common divisor of 17311052 and 20?
4
What is the highest common divisor of 11214299 and 160522?
967
What is the greatest common factor of 73 and 3797?
1
What is the highest common divisor of 7271488 and 14?
14
Calculate the greatest common factor of 258442636 and 1292.
1292
What is the greatest common divisor of 9184917 and 518?
259
What is the highest common factor of 374412 and 37966?
82
What is the highest common divisor of 525595 and 560?
35
What is the highest common factor of 194241152 and 7?
7
What is the greatest common factor of 53001902 and 3646?
3646
What is the greatest common factor of 1330851 and 1773657?
2433
What is the highest common factor of 10191 and 150258?
237
Calculate the greatest common divisor of 730 and 549657296.
146
What is the highest common divisor of 143 and 3473587?
13
Calculate the highest common divisor of 1188 and 3873892.
44
What is the highest common divisor of 136425 and 357000?
1275
Calculate the greatest common divisor of 2226456 and 2889000.
7704
What is the highest common factor of 226 and 41745025?
113
What is the greatest common factor of 220861358 and 17214?
5738
Calculate the highest common divisor of 716288 and 4480.
128
What is the greatest common factor of 261 and 153202041?
261
Calculate the greatest common factor of 511 and 2794876.
7
What is the greatest common divisor of 893343 and 13317?
69
Calculate the highest common factor of 4806 and 4876254.
54
Calculate the greatest common divisor of 19296 and 3344841.
603
What is the greatest common divisor of 117359 and 915090?
517
What is the greatest common factor of 1029735 and 980?
245
Calculate the greatest common factor of 8829 and 807363.
981
What is the highest common factor of 362579920 and 10?
10
What is the highest common factor of 514237617 and 9?
9
What is the greatest common divisor of 300608 and 1765456?
1232
Calculate the highest common factor of 804 and 12430443.
201
What is the highest common divisor of 9912 and 1563072?
168
Calculate the greatest common divisor of 2119 and 57122.
13
Calculate the greatest common divisor of 5066403212 and 52.
52
Calculate the highest common divisor of 161772440 and 1160.
1160
What is the highest common factor of 216320 and 25688?
1352
Calculate the highest common factor of 32844 and 81907462.
5474
What is the greatest common divisor of 260 and 121587110?
10
Calculate the highest common factor of 50312344 and 32.
8
What is the greatest common divisor of 6767640 and 12870?
990
What is the greatest common divisor of 6136 and 475016?
8
What is the highest common factor of 25 and 564935?
5
What is the greatest common divisor of 1794108775 and 25?
25
What is the greatest common divisor of 681624 and 25848?
72
What is the highest common divisor of 15 and 5740785?
15
Calculate the highest common divisor of 115855 and 55426395.
6815
What is the greatest common factor of 315 and 15695379?
63
What is the highest common factor of 60 and 5902170?
30
What is the highest common factor of 643442670 and 585?
585
Calculate the highest common divisor of 26082 and 4569939.
1863
What is the highest common factor of 120598 and 15232?
34
What is the highest common divisor of 81267 and 10185990?
789
What is the highest common factor of 120 and 46635980?
20
What is the greatest common divisor of 5912 and 11353257?
739
What is the highest common factor of 4699213 and 57?
19
Calculate the highest common divisor of 4668582 and 78.
6
Calculate the greatest common divisor of 768 and 59006592.
384
What is the greatest common divisor of 13314 and 82894?
14
Calculate the greatest common factor of 29091355 and 7505.
395
What is the highest common factor of 720 and 67057560?
360
What is the highest common divisor of 1939 and 512058876?
1939
What is the greatest common divisor of 6757 and 2426695?
233
What is the highest common factor of 42 and 65074359?
21
Calculate the highest common divisor of 384730 and 45030.
790
What is the highest common factor of 4794 and 45282526?
1598
Calculate the highest common divisor of 43869956 and 1212.
404
What is the greatest common divisor of 1611 and 39651?
3
Calculate the greatest common divisor of 36652 and 15246154.
1078
Calculate the highest common divisor of 2844 and 1962000.
36
What is the greatest common factor of 18750 and 44085?
15
What is the greatest common factor of 5058825 and 148?
37
Calculate the highest common divisor of 500 and 959561500.
500
Calculate the highest common divisor of 1601778 and 51624.
1434
What is the greatest common divisor of 1816 and 66744?
8
Calculate the highest common factor of 554457155 and 11060.
2765
What is the greatest common factor of 702992088 and 24?
24
Calculate the highest co